*s + 0*v = v - 327. List the prime factors of s.
2, 83
Suppose 20818 = -7*p + 21*p. What are the prime factors of p?
1487
Let q(w) = 5*w**2 + 10*w + 32. List the prime factors of q(10).
2, 79
Let r(j) be the first derivative of j**4/4 + 2*j**3/3 - j - 5. Let s be r(-2). What are the prime factors of s/(22/24 - 1)?
2, 3
Suppose 0 = 3*c - 105. Let i = c - -36. List the prime factors of i.
71
Suppose 2*a + 5*i = 269, -4*i - 811 = -4*a - 259. Let k = a - 86. List the prime factors of k.
3, 17
Suppose 0 = 5*o - 10 - 15. Suppose 4*g = -5*x + 540, 5*x + 0*g = -o*g + 545. Suppose 3*q - 112 = 2*p, 3*q + 2*p + 0*p - x = 0. List the prime factors of q.
2, 3
Suppose -4*g = 29 - 109. What are the prime factors of 30/g*-80*(-10)/12?
2, 5
Let h = 500 + -442. List the prime factors of h.
2, 29
Let n = -172 - -245. What are the prime factors of n?
73
Suppose 0 = -3*b + 32 - 125. Let a = 95 + b. List the prime factors of a.
2
Suppose 0*w = 5*w - 5*u, 0 = -4*w + 5*u - 2. Suppose -w*s - s + 20 = -2*g, -4*s + 26 = -2*g. What are the prime factors of s?
2, 3
Suppose 5*r - 2*r = 5*q + 1386, r + 4*q - 462 = 0. What are the prime factors of r?
2, 3, 7, 11
Let s(p) = -p**3 - 5*p**2 - 2*p - 8. Let n be s(-5). Suppose n = -3*j + 8. List the prime factors of (-5 + j)/((-12)/232).
2, 29
Suppose -5*u = -2*p - p - 89, 5*p = -3*u + 33. Suppose -1397 = 5*l - u*l. What are the prime factors of l?
127
Let x be (18/(-6))/((-6)/(-4)). Let k be (x/4)/((-3)/18). Suppose k*t = 2*n + 100, -5*t - 2*n = 2*n - 152. What are the prime factors of t?
2
Let z(u) = 2*u**3 - 14*u**2 + 3*u - 27. List the prime factors of z(11).
2, 487
Let y(q) = -q**2 + 4*q + 1. Suppose -3*g + 0*g + 24 = -4*j, -5 = -5*g - 5*j. Let x be y(g). List the prime factors of (-7)/(x - (-1 + 3)).
7
Let j be (-128)/60 + 4/30 + 2. Suppose j = 8*z - 756 - 396. What are the prime factors of z?
2, 3
Let v(a) be the third derivative of -1/60*a**5 - 5/6*a**3 - 7/24*a**4 + 0*a - 2*a**2 + 0. What are the prime factors of v(-3)?
7
Let r(a) = 2376*a**2 + 4*a - 7. What are the prime factors of r(1)?
3, 7, 113
Let d be (54/(-3 - -4))/(1 + 0). What are the prime factors of 7839/d + (-1)/6?
5, 29
Let k = -16 + 20. What are the prime factors of 1 + (-4)/k + 4?
2
Suppose -19 + 6 = 5*p - 4*t, -p + 3*t = 7. Let a = p - -6. Suppose a*o - k - 321 = 0, -3*o + 5*o - 5*k = 133. List the prime factors of o.
2
Suppose 0 = -4*s + 159 - 51. Suppose 5*v - s = 473. What are the prime factors of v?
2, 5
Suppose -389*x + 385*x + 2232 = 0. List the prime factors of x.
2, 3, 31
Suppose 4*g - 5*b = -0*b + 1, 3*g + 8 = -5*b. List the prime factors of (-3)/g + (2 - -88).
3, 31
Suppose -6 = -6*t + 4*t. Suppose -120 = -w + 4*v, 2*w + 3*v - 485 = -t*w. List the prime factors of w.
2, 5
Suppose 8*m - 6 = 10*m. Let u(v) = -v**3 - 2*v**2 - v - 2. What are the prime factors of u(m)?
2, 5
Suppose 4*r + 22 = -30. Let b = r - -8. Let d(x) = -5*x - 3. What are the prime factors of d(b)?
2, 11
Suppose 3*m = -4*n + 2435, 4*m = n - 5*n + 2440. Suppose -6*v = -v + n. List the prime factors of v/(-7) - (-8)/(-28).
17
Let z = 80 - 73. Suppose 586 = z*y - 9. What are the prime factors of y?
5, 17
List the prime factors of 2/(-1) - 9/((-126)/28798).
3, 5, 137
Let b = 737 - 438. Let a = 544 - b. List the prime factors of a.
5, 7
Suppose 5*g + 3*c - 75 = 0, 2*g + 17 - 56 = -3*c. What are the prime factors of g?
2, 3
Let j be (-6 - -101) + 3*-1. Suppose 0*k - 2*k = -j. List the prime factors of k.
2, 23
Let v(m) = -m**2 - m + 2. Let w be v(-2). Suppose w = -5*f - 20, -3*z - 27 = -4*z - 3*f. Suppose 127 = 4*l + z. What are the prime factors of l?
2, 11
Suppose 4445 = 5*b - c, -62*c + 66*c = -b + 910. What are the prime factors of b?
2, 5, 89
Suppose 5 - 17 = -4*o. Suppose -x = o - 2. What are the prime factors of ((-5)/5)/(x/3)?
3
Suppose -2*q = -5*c + 1221 + 1478, 2*c - 1084 = 3*q. List the prime factors of c.
7, 11
Suppose -584 = -17*s + 13*s. What are the prime factors of s?
2, 73
Let z = -219 + 443. Suppose 2*m - m = 3*v - 172, z = 4*v + 4*m. List the prime factors of v.
3, 19
Suppose 2*c = 5*c - 3. Let b be (0 + c)*(-12)/1. What are the prime factors of (-268)/b - (-2)/(-6)?
2, 11
Let m(u) = u**2 + 8*u + 99. Let a be m(0). Let r = 139 - a. List the prime factors of r.
2, 5
Suppose -a - 73 = -70. Let x(r) = -3*r - r**2 + 1 + r - 2*r. What are the prime factors of x(a)?
2
Let m = 11 - 8. Suppose m*w = -7 + 31. What are the prime factors of w?
2
Let n = -1481 - -3946. What are the prime factors of n?
5, 17, 29
Let z = 129 - -89. Suppose -z - 134 = -11*j. List the prime factors of j.
2
Let d = 659 + 372. What are the prime factors of d?
1031
List the prime factors of (-661 + 1)/(-2)*1.
2, 3, 5, 11
Suppose -4*h - 33 = -5*v, 5*v = h + 6 + 6. What are the prime factors of (-2)/h*(567 - -14)?
2, 83
Let c(w) = 2*w**3 + 48*w**2 - 22*w + 55. List the prime factors of c(-24).
11, 53
Let h(p) = -4*p**2 + p - 15. Let r(u) = -4*u**2 - 14. Let c(b) = -6*h(b) + 7*r(b). Let s be c(-4). Let f = 73 + s. List the prime factors of f.
5
Suppose -338*g = -335*g - 507. List the prime factors of g.
13
Let y(c) = -26*c - 203. What are the prime factors of y(-40)?
3, 31
Let l be (-8)/(-3) + 2/(-3). Suppose x = 56 - 54. Suppose -100 = -l*d - 5*z, -13 = 3*d - x*z - 163. List the prime factors of d.
2, 5
Let p = 70 - -304. List the prime factors of p.
2, 11, 17
List the prime factors of (-51)/119 - 773/(-7).
2, 5, 11
Let r = -10 + 6. Let v = 40 - r. What are the prime factors of v?
2, 11
Let h(v) = v**3 - 17*v**2 - 6*v + 22. Let x be h(18). Suppose 3*g - 422 = -4*m, -4*g + x = 2*m + 32. List the prime factors of m.
107
Suppose -2 = -2*a + 4*a, m = -a + 40. Let r = m + -21. List the prime factors of r.
2, 5
Let a(r) = -r**3 + 11*r**2 + 21*r - 68. Let u be a(12). Suppose 0 = 2*k - 61 - 7. Let p = u - k. What are the prime factors of p?
2, 3
Suppose -2 + 0 = -2*q + 4*i, -15 = -3*q + 3*i. Suppose -q*o - 4 = -11*o. Suppose -2*u - o = 0, 5*x + u - 118 = -u. List the prime factors of x.
2, 3
Suppose 6095 = 2*o + 3*o + 4*f, 0 = -3*o - 4*f + 3665. What are the prime factors of o?
3, 5
Let i be (15*2)/3 + -1. Suppose -14 = -i*f + 2*f. Suppose -5*j = -3*n + 51 - 14, 0 = -2*j + f. List the prime factors of n.
2, 7
List the prime factors of -5 - (7 + -7) - -522.
11, 47
Suppose -1172 - 1903 = -5*p. What are the prime factors of 3/(9/p) - 5?
2, 5
Let r(n) = -n**2 + 30*n - 39. List the prime factors of r(22).
137
Suppose 0 = 2*u + 2789 - 13201. List the prime factors of u.
2, 19, 137
Let z = 33 - 31. Suppose -2*s = -z*j + 62, -5*j + 3*s + 61 = -84. List the prime factors of j.
2, 13
Let h(g) = 1 + 1 - g - 7 + 6. Let a be h(1). Suppose 2*k + 0 - 60 = a. What are the prime factors of k?
2, 3, 5
Let n(k) = 236*k - 598. List the prime factors of n(15).
2, 1471
What are the prime factors of 1002*7/14*1?
3, 167
Suppose 5*n + 61 - 442 = z, n - 4*z = 61. Let v = 145 - n. Let k = v + -27. What are the prime factors of k?
41
Suppose 0 = -10*z + 8*z + 4. Suppose 0 = -z*s - 6*s + 632. List the prime factors of s.
79
Let x be (-3 - -5)/((-2)/68). Let c = 141 + x. What are the prime factors of c?
73
Let d(k) = k**3 - 2*k**2 - 6*k + 1. Let v be d(4). Let o(t) = -15*t + 40*t**2 + t + 1 + v*t + 3*t. What are the prime factors of o(1)?
3, 13
Let s = -968 + 1181. What are the prime factors of s?
3, 71
Suppose 6*g - 300 = 3*g. Let o = -48 + g. What are the prime factors of o?
2, 13
Let g be 10/(-25)*(0 + 5). Let f be (0 - (-53 - g)) + 3. Suppose -3*k + 18 + f = 0. List the prime factors of k.
2, 3
Suppose 3*d = -4*s + 1066, 4*d = 10*s - 11*s + 1430. What are the prime factors of d?
2, 179
Suppose -5*b = -10*b + 2*k + 230, -3*k - 225 = -5*b. List the prime factors of b.
2, 3
Let h = 319 - 183. Suppose -x + h = 3*f, -3*f = 2*x + 37 - 168. What are the prime factors of f?
47
Let x be (6/9)/((-2)/(-78)). Suppose -14*t = -16*t + x. Suppose -t = -3*a + 14. What are the prime factors of a?
3
Let b(v) = -v**2 - 5*v + 3*v**2 + 4 - v - 3*v**2. Let r be b(-8). List the prime factors of (-12)/(-7) + r/(-42).
2
Let k = -10 + 19. Suppose k*t - 178 = 7*t. Suppose 0 = -2*z - 23 + t. List the prime factors of z.
3, 11
What are the prime factors of (0 - 10)/(596/(-148) + 4)?
2, 5, 37
Let u(f) = f**2 + 8*f + 1. Let y be u(-8). Let r be 4 - 4 - (21 + y).